e the highest common divisor of 350 and u.
50
Let x(w) = 162*w + 648. Let a be x(6). Calculate the highest common factor of a and 36.
36
Suppose 2938 = 8*g + 762. Calculate the highest common factor of g and 476.
68
Let v = 525 - 365. Suppose 2*r - q = 64, -17*q = 3*r - 15*q - 96. What is the highest common divisor of v and r?
32
Suppose -20*f + 14*f + 36 = 0. What is the highest common divisor of 78 and f?
6
Let p(s) = -s**2 + 8*s + 22. Let g be p(10). Let m be 0 + (-6)/g - -28. What is the greatest common divisor of m and 10?
5
Let i = 371 - 247. Suppose 10*p - 12*p = -i. What is the greatest common divisor of p and 31?
31
Suppose 0 = j + j - 12. Let r be j/(-2) + 0 + 48. Suppose -v - r = -4*v. Calculate the greatest common divisor of v and 15.
15
Let i = 145 + -56. Let z = i + -76. What is the greatest common factor of 117 and z?
13
Let l = 248 - 218. What is the greatest common factor of 195 and l?
15
Let u(x) = -9*x**2 + x. Let o be u(-1). Let d = 16 + o. Let z(j) = j**2 - 5*j + 3. Let k be z(5). What is the greatest common factor of k and d?
3
Suppose -3*d = -a + 22, 2*d + 86 = 3*a + 3*d. Suppose 0*o - 11*o = -44. Calculate the greatest common divisor of a and o.
4
Let r(b) = -b**2 + 3*b + 27. Let k be r(-3). What is the greatest common divisor of k and 2?
1
Let u = -92 + 132. Calculate the greatest common factor of 16 and u.
8
Let n be -101*1/4*4. Let z = 173 + n. Suppose 0 = -q + 4*q + 3*d - 24, 5*q - d - 40 = 0. Calculate the highest common factor of z and q.
8
Let g be -1 + 17 + (-8 - -16). Calculate the highest common divisor of 3720 and g.
24
Suppose 4*x - 5 = u + 33, 12 = 2*x + 3*u. Suppose x*r - 22 = 68. What is the highest common factor of 8 and r?
2
Let v(b) = 173*b**2 + 5*b + 18. Let d be v(-3). Calculate the greatest common factor of 15 and d.
15
Let v = 44 - 49. Let s be 0*(v - -4) - -31. What is the highest common factor of 341 and s?
31
Suppose 0*h + h = 3. Suppose 2*a - 149 = u, h*a + u = -2*a + 376. Calculate the greatest common divisor of 50 and a.
25
Suppose -8*q - 2*n + 902 = -4*q, -4*n + 1129 = 5*q. Let v be (-20 - 170/(-4))/(((-2)/(-4))/1). Calculate the highest common divisor of q and v.
45
Let z(h) = 5*h - 12. Let q be z(-6). Let s = q - -140. Calculate the highest common factor of s and 28.
14
Suppose -5 - 23 = -7*q. Suppose f = -5*d - 16, d = q*f - 26 + 6. Calculate the highest common divisor of f and 16.
4
Let z(s) = 5*s - 20. Let v be z(13). Let g be 4490/75 + -2 + 96/v. What is the highest common factor of g and 120?
60
Let s be (-17)/((-119)/84) + -4. Let d(v) = 23*v**3 - v. Let r be d(-1). Let l = 54 + r. Calculate the greatest common divisor of l and s.
8
Let j be (2/4)/((-6)/(-48)). Suppose 45 = j*r - r. Calculate the highest common factor of 12 and r.
3
Let t(y) = y**2 - 16*y + 31. Let z be t(14). Let w = 7 + -4. What is the greatest common factor of z and w?
3
Let w = 132 - 78. Suppose 27 = -v + 33. What is the highest common divisor of v and w?
6
Suppose 4*s = -0*s. Suppose s = q + q - 46. Suppose -4*r + 3*j - q = -5*r, 4*j = 3*r - 108. What is the greatest common divisor of 4 and r?
4
Let u = 12 + -7. Suppose -u*b + 6 = -4. Suppose -y = -3*h + b*h + 15, 2*y + 48 = 3*h. Calculate the greatest common factor of h and 144.
18
Let f be -3 + 2/((-2)/(-153)). Let w be 2/4 + f/4. Suppose -4*j - 2*y = -156 - 230, -5*j = y - 478. What is the greatest common factor of j and w?
19
Suppose 5*b = -10*z + 13*z + 825, 2*z = -2*b + 346. Let x(a) = 4*a**2 - 6*a + 2. Let t be x(4). Calculate the greatest common divisor of t and b.
42
Let a(v) = -v**3 - 7*v**2 + 10*v + 10. Let m be a(-8). Let u be 4 - m/(-1)*-5. Calculate the greatest common divisor of u and 306.
34
Let w be ((-8)/(-3))/(3/108). Suppose -4 = -2*s - 0. Suppose 0 = s*j + 5*j - 84. Calculate the greatest common factor of j and w.
12
Let x be 33/6 + -1 - 3/(-6). What is the highest common divisor of 8 and x?
1
Let n(w) = 85*w + 2. Let v be n(1). Suppose 84*f - v*f + 528 = 0. What is the highest common factor of f and 22?
22
Suppose 4*p + 4 = 44. Let d(g) = g**2 + 2*g - 4. Let q be (0 + 1 - 0) + 3. Let v be d(q). Calculate the highest common divisor of v and p.
10
Suppose -8*c + 742 + 1338 = 0. Calculate the greatest common divisor of 104 and c.
52
Suppose 0 = -3*h + 10*h - 84. Let w(i) = i**2 - 8*i - 6. Let n be w(9). Let j be 8*9*2/n. What is the greatest common divisor of j and h?
12
Let u = 1533 - 1364. What is the highest common divisor of u and 52?
13
Let y be 3*(-13)/156 - (-4362)/8. Calculate the greatest common divisor of y and 763.
109
Suppose t - 7*y = -5*y + 15, -2*y + 6 = 0. What is the greatest common divisor of t and 756?
21
Let s(v) = -3*v**2 + 6*v + 13. Let z be s(0). Calculate the highest common divisor of 39 and z.
13
Suppose -7*h + 876 = -4*h. Let x be h/7 - (-24)/84. Calculate the greatest common factor of x and 105.
21
Let d(p) = p**3 - 4*p**2 + 9. Let s be d(4). Let o(a) = a**3 - 10*a**2 + 12*a - 5. Let u be o(s). What is the highest common divisor of u and 33?
11
Suppose 2*s + s - 357 = 0. Suppose -35*f + 136 = -27*f. Calculate the highest common factor of f and s.
17
Let x(m) = m - 1. Let c be x(1). Let g be (-2948)/(-99) + (c - (-4)/18). Calculate the greatest common divisor of 120 and g.
30
Suppose -11 = 4*d - 151. Let b = 95 - d. Suppose 4*u = 5*x - 91, 2*x + 3*u = -x + b. What is the highest common divisor of 57 and x?
19
Suppose u - 2*u - p = -13, 0 = -3*p - 6. Suppose u*j = 9*j + 36. What is the greatest common factor of j and 54?
6
Let a = -63 - -33. Let m = a - -44. Let s(z) = -8*z**3 + 129*z**2 - 17*z + 51. Let k be s(16). What is the highest common factor of m and k?
7
Suppose -2*d - 9 = 33. Let j be 7/d - (-182)/6. Suppose 4*x = 2*t + x - 42, 0 = 4*x + 16. Calculate the highest common divisor of j and t.
15
Let f = 557 - 464. Calculate the greatest common factor of 589 and f.
31
Let i(p) = -48*p + 200. Let z be i(3). Calculate the greatest common divisor of z and 952.
56
Suppose 12*n + 759 = 3255. Suppose 4*j - 63 = -2*d + 45, -j = -d - 24. What is the greatest common factor of j and n?
26
Let z be 1/2 + (-7)/(-2). Let n(l) = -2*l - 2*l + 10 - 3 - z*l. Let r be n(-6). Calculate the highest common divisor of r and 11.
11
Let n(h) = 3*h + 4*h + 10 + 25*h**2 - 24*h**2. Let p be n(-6). Suppose 2*f - p*f + 22 = 0. What is the highest common divisor of 1 and f?
1
Let o be 36 - (20/12 + 4/3). Calculate the highest common divisor of 3 and o.
3
Let g = 8 - 2. Let a be (-16 + 6)/((-4)/g). What is the highest common factor of a and 120?
15
Suppose -1 - 5 = -3*p. Suppose -w - 219 = -p*m, -m = -5*m + 4*w + 444. Calculate the greatest common divisor of m and 12.
12
Let c(u) = -31*u**3 + 2*u**2 + 2*u + 1. Let p be c(-1). What is the greatest common divisor of 64 and p?
32
Let c = 40 + -44. Let d be c/10 - (-2233)/145. What is the highest common divisor of d and 15?
15
Let r be (-5 - -3)/((-6)/33). Let x = r + -6. Suppose -m - 12 = -x*m. Calculate the highest common factor of 1 and m.
1
Let x = 617 - 43. Suppose 346 = 5*v - x. Let a be (1/(-5))/((-2)/230). Calculate the greatest common factor of a and v.
23
Suppose -6*v + 4*v + 66 = 0. Let c be -18 + v + -3*1. Suppose -5*g + 38 = -562. Calculate the highest common divisor of c and g.
12
Suppose -k + 9 - 8 = 0. What is the highest common factor of 13 and k?
1
Let h be (-4 - (-51)/(-6))*594/(-135). Suppose 44 = -2*g + 4*g. What is the highest common divisor of g and h?
11
Suppose -2*i + 54 = i - 4*m, -5*m - 54 = -3*i. Suppose -5*v - 75 = -5*u, -2 = u - 2*v - i. What is the greatest common factor of u and 7?
7
Let d = -324 - -921. Suppose -d + 37 = -10*a. Calculate the highest common factor of 14 and a.
14
Let u(f) = 2*f**2 - 2*f + 49. Let v be u(0). Let j be 2*(24/20)/((-12)/(-2205)). Calculate the highest common factor of j and v.
49
Suppose 0 = 2*n + 1414 - 3636. What is the highest common factor of n and 11?
11
Let b be ((-14)/(-6))/((-4)/(-72)). What is the greatest common divisor of 182 and b?
14
Let a be 21/(-49) - (-12020)/35. Calculate the highest common factor of 98 and a.
49
Let x be 8/2*6/4. Calculate the highest common factor of 96 and x.
6
Suppose -3*q + 0 = -3. Let d be ((2 + -2)/q)/1. Let l be 12 + d/(4/2). Calculate the highest common divisor of l and 12.
12
Let o be 2/(